ert -25 (base 8) to base 14.
-17
What is -105 (base 6) in base 14?
-2d
0 (base 6) to base 4
0
What is 7 (base 10) in base 14?
7
What is 3 (base 15) in base 11?
3
Convert -1 (base 7) to base 11.
-1
Convert 2 (base 4) to base 15.
2
-30 (base 9) to base 14
-1d
7 (base 9) to base 4
13
Convert -b (base 15) to base 14.
-b
Convert 8 (base 9) to base 12.
8
What is 244 (base 7) in base 2?
10000010
What is -247 (base 9) in base 8?
-315
Convert 5 (base 10) to base 6.
5
Convert -4 (base 7) to base 3.
-11
Convert -67 (base 13) to base 8.
-125
-2 (base 14) to base 3
-2
Convert 3 (base 13) to base 4.
3
62 (base 7) to base 2
101100
126 (base 9) to base 10
105
11 (base 4) to base 15
5
-6 (base 14) to base 4
-12
Convert -4 (base 12) to base 16.
-4
-11 (base 3) to base 14
-4
What is -313 (base 4) in base 7?
-106
Convert 2 (base 5) to base 14.
2
What is -19 (base 12) in base 3?
-210
What is -a6 (base 15) in base 6?
-420
Convert 101100 (base 2) to base 10.
44
What is 33 (base 7) in base 2?
11000
Convert -6 (base 8) to base 6.
-10
14 (base 8) to base 14
c
-b0 (base 15) to base 7
-324
Convert d (base 16) to base 6.
21
What is -1 (base 16) in base 3?
-1
What is 20 (base 9) in base 2?
10010
Convert 127 (base 9) to base 14.
78
What is -21 (base 3) in base 5?
-12
Convert -7 (base 12) to base 16.
-7
What is 1222 (base 4) in base 10?
106
-223 (base 4) to base 14
-31
110 (base 5) to base 7
42
Convert -a (base 14) to base 12.
-a
4 (base 6) to base 10
4
Convert -5 (base 15) to base 10.
-5
42 (base 12) to base 15
35
What is 1a1 (base 12) in base 10?
265
What is 2d (base 15) in base 14?
31
-15 (base 8) to base 16
-d
Convert 68 (base 9) to base 11.
57
What is -17 (base 8) in base 6?
-23
-12 (base 3) to base 11
-5
Convert -33 (base 7) to base 10.
-24
Convert 2 (base 15) to base 2.
10
-1043 (base 7) to base 12
-272
-12 (base 16) to base 2
-10010
10 (base 5) to base 11
5
What is -26 (base 10) in base 15?
-1b
What is -1010 (base 3) in base 6?
-50
What is 111 (base 2) in base 4?
13
Convert 11 (base 14) to base 12.
13
-100111 (base 2) to base 15
-29
What is -91 (base 11) in base 16?
-64
What is -178 (base 12) in base 3?
-22202
5 (base 7) to base 14
5
What is 1 (base 7) in base 8?
1
What is 148 (base 12) in base 6?
532
-5 (base 9) to base 14
-5
What is -10 (base 4) in base 14?
-4
-29 (base 11) to base 16
-1f
Convert 3 (base 13) to base 14.
3
-303 (base 6) to base 15
-76
31 (base 5) to base 8
20
-25 (base 6) to base 2
-10001
Convert -1 (base 14) to base 5.
-1
Convert -103 (base 6) to base 14.
-2b
Convert -551 (base 6) to base 16.
-d3
Convert 0 (base 15) to base 14.
0
Convert 2 (base 16) to base 5.
2
-38 (base 12) to base 15
-2e
What is 12 (base 5) in base 10?
7
0 (base 5) to base 9
0
Convert -1 (base 2) to base 16.
-1
Convert 4 (base 12) to base 8.
4
What is 1b5 (base 14) in base 2?
101100011
-163 (base 10) to base 11
-139
-5 (base 12) to base 3
-12
Convert -22 (base 5) to base 4.
-30
146 (base 16) to base 4
11012
What is a (base 15) in base 6?
14
What is 3 (base 14) in base 2?
11
Convert 3 (base 15) to base 3.
10
9 (base 15) to base 8
11
Convert 100 (base 2) to base 13.
4
2c (base 15) to base 11
39
What is -154 (base 8) in base 11?
-99
Convert 114 (base 5) to base 7.
46
Convert 5 (base 6) to base 16.
5
10 (base 13) to base 11
12
Convert -45 (base 15) to base 3.
-2102
-113 (base 8) to base 9
-83
Convert 231 (base 4) to base 9.
50
-41 (base 10) to base 4
-221
Convert -4 (base 15) to base 7.
-4
Convert 3 (base 7) to base 4.
3
3 (base 14) to base 11
3
Convert 111 (base 2) to base 9.
7
423 (base 6) to base 8
237
Convert 67 (base 12) to base 7.
142
2 (base 7) to base 14
2
What is -43 (base 8) in base 6?
-55
Convert -2010 (base 5) to base 8.
-377
What is -1012 (base 3) in base 7?
-44
212 (base 3) to base 2
10111
Convert 13 (base 11) to base 4.
32
0 (base 2) to base 5
0
30 (base 12) to base 9
40
What is -11220 (base 3) in base 7?
-246
Convert 0 (base 5) to base 14.
0
3 (base 10) to base 12
3
-150 (base 7) to base 10
-84
What is -346 (base 9) in base 5?
-2120
133 (base 5) to base 9
47
0 (base 2) to base 8
0
1111 (base 3) to base 9
44
27 (base 8) to base 10
23
Convert -c (base 14) to base 6.
-20
What is 2100 (base 3) in base 15?
43
Convert -22 (base 11) to base 3.
-220
5 (base 9) to base 3
12
200 (base 5) to base 4
302
What is -2 (base 9) in base 7?
-2
Convert 4 (base 5) to base 8.
4
5 (base 6) to base 12
5
2 (base 15) to base 6
2
What is 12 (base 3) in base 14?
5
What is -22 (base 5) in base 3?
-110
Convert -13 (base 9) to base 10.
-12
-3 (base 5) to base 9
-3
Convert -3140 (base 5) to base 8.
-644
What is 145 (base 9) in base 11?
101
What is 9 (base 10) in base 7?
12
What is 2 (base 5) in base 4?
2
-4e (base 16) to base 15
-53
-123 (base 5) to base 11
-35
What is -3b (base 14) in base 13?
-41
1 (base 3) to base 12
1
Convert -1001010 (base 2) to base 8.
-112
What is 415 (base 7) in base 14?
10c
What is -7 (base 9) in base 12?
-7
What is 6 (base 11) in base 12?
6
Convert 30 (base 8) to base 7.
33
Convert -1042 (base 5) to base 9.
-173
Convert -11 (base 4) to base 15.
-5
Convert -3 (base 8) to base 2.
-11
What is 24 (base 5) in base 3?
112
2 (base 4) to base 2
10
What is 0 (base 10) in base 13?
0
Convert -8 (base 10) to base 4.
-20
What is 2 (base 14) in base 15?
2
-2 (base 16) to base 15
-2
What is 8 (base 12) in base 4?
20
0 (base 15) to base 11
0
What is 6 (base 12) in base 14?
6
-2a (base 13) to base 6
-100
Convert 11 (base 7) to base 13.
8
What is -142 (base 8) in base 15?
-68
Convert 8 (base 16) to base 4.
20
-65 (base 12) to base 6
-205
What is -21 (base 12) in base 9?
-27
What is 21 (base 7) in base 6?
23
Convert 3 (base 16) to base 4.
3
What is 5a (base 12) in base 14?
50
What is 0 (base 15) in base 5?
0
Convert -14 (base 7) to base 6.
-15
Convert 7 (base 10) to base 14.
7
What is 1300 (base 4) in base 11?
a2
Convert 15 (base 13) to base 4.
102
What is 152 (base 7) in base 5?
321
Convert 20 (base 4) to base 6.
12
Convert 220 (base 4) to base 5.
130
Convert -84 (base 9) to base 2.
-1001100
1102 (base 3) to base 6
102
What is -11 (base 3) in base 9?
-4
Convert 4 (base 13) to base 7.
4
Convert -20200 (base 3) to base 5.
-1210
-25 (base 7) to base 5
-34
Convert -10 (base 10) to base 11.
-a
Convert 1010110 (base 2) to base 8.
126
4 (base 7) to base 10
4
What is 104 (base 9) in base 15?
5a
Convert -1 (base 13) to base 6.
-1
Convert -2 (base 8) to base 15.
-2
What is -1212 (base 5) in base 11?
-156
Convert 10 (base 9) to base 13.
9
What is -3b (base 16) in base 10?
-59
What is 101 (base 3) in base 4?
22
-1111 (base 2) to base 6
-23
Convert -60 (base 15) to base 16.
-5a
Convert 20 (base 5) to base 9.
11
Convert 350 (base 6) to base 14.
9c
Convert 234 (base 5) to base 13.
54
What is -33 (base 13) in base 6?
-110
What is 2 (base 16) in base 11?
2
What is 0 (base 10) in base 15?
0
Convert 20 (base 12) to base 11.
22
Convert -14 (base 8) to base 2.
-1100
13 (base 4) to base 6
11
-15 (base 9) to base 10
-14
Convert 7 (base 10) to base 16.
7
What is -8 (base 13) in base 5?
-13
Convert 10 (base 10) to base 16.
a
Convert -151 (base 7) to base 3.
-10011
-4 (base 13) to base 2
-100
Convert -75 (base 13) to base 4.
-1200
Convert -dc (base 14) to base 6.
-522
Convert 46 (base 9) to base 14.
30
201 (base 5) to base 14
39
Convert -27 (base 15) to base 3.
-1101
21 (base 7) to base 6
23
Convert 9 (base 14) to base 10.
9
Convert -4 (base 10) to base 9.
-4
-7 (base 11) to base 7
-10
What is 2 (base 3) in base 7?
2
What is -3 (base 16) in base 14?
-3
Convert 1100 (base 4) to base 8.
120
Convert 1220 (base 4) to base 7.
206
Convert 8 (base 12) to base 11.
8
Convert 28 (base 13) to base 3.
1021
Convert -14 (base 6) to base 10.
-10
11 (base 11) to base 8
14
6 (base 15) to base 10
6
-1 (base 10) to base 11
-1
What is -1001111 (base 2) in base 3?
-2221
115 (base 11) to base 6
345
Convert 375 (base 8) to base 13.
166
What is 20 (base 3) in base 10?
6
What is 33 (base 15) in base 14?
36
21 (base 14) to base 10
29
Convert -3 (base 16) to base 4.
-3
Convert 101 (base 2) to base 5.
10
Convert 19 (base 11) to base 4.
110
What is 133 (base 8) in base 9?
111
What is 17b (base 15) in base 3?
110122
7 (base 14) to base 3
21
-1e (base 16) to base 14
-22
Convert -1b (base 16) to base 8.
-33
What is 0 (base 4) in base 3?
0
Wh